 = j + 155. What is the tens digit of k?
4
Let i be (355/15)/(2/(-6)). Let j = i - -242. What is the tens digit of j?
7
Let t(p) = 24*p**3 - 10*p**2 + 12*p - 3. What is the hundreds digit of t(3)?
5
Let l = -165 + 168. Suppose 4*n = 610 - 106. Suppose l*i = -m + 223, -2*i + 4*m = -m - n. What is the tens digit of i?
7
What is the hundreds digit of ((-114684)/(-133) - -6)*(-28)/(-6)?
0
Let s(x) = 22*x**3 - 4*x**2 + x - 8. What is the units digit of s(6)?
6
Let v(g) = 2*g - 2*g - g - g**2 + 254. Let w be v(0). Suppose -3*b - 101 = -w. What is the units digit of b?
1
Let h(g) = -11*g**2 + 2. Let o(l) = 10*l**2 - 2. Let r(v) = 5*h(v) + 6*o(v). What is the units digit of r(-2)?
8
Let u be 9 + 157 + 4/2. Suppose 3*s - 7*s - 3*f = -u, s - 5*f - 19 = 0. What is the units digit of s?
9
Suppose -5628 = -19*i + 13*i. What is the units digit of i?
8
Let g be 942/(-27) - (-2)/(-18). Let v be (-16)/8 + -95 + 0. Let p = g - v. What is the tens digit of p?
6
Suppose 22 = 3*v + 5*q, 4*q = 3*v - q - 2. Suppose v*f + 480 = 9*f. What is the tens digit of f?
9
Let p(d) = d**3 - 7*d**2 + 4*d + 14. Let z(t) = -10*t - 6. Let v be z(-3). Suppose -b + 2*b + 5*c = 6, 4*b - v = 4*c. What is the units digit of p(b)?
2
Suppose z = i - 0*i + 1, -5 = i - 2*z. Suppose -5*m + 0*n = -n - 20, -25 = -i*m - 2*n. Suppose 3 = 5*p - 2, -m*x = -2*p - 178. What is the tens digit of x?
3
Suppose 3*r = 13 - 4. Suppose 0*b - r*l - 20 = -2*b, -2*b = -5*l - 16. Let g(w) = -w**3 + 12*w**2 + 14*w - 12. What is the units digit of g(b)?
1
Let d be 1452 - (4 + -1 + -7). Suppose -d = -w - 12*w. What is the units digit of w?
2
Suppose -8 + 3 = -5*n, -4*r + 3*n = -465. What is the units digit of r?
7
What is the units digit of 0 + 2056 - 6/12*-8?
0
Let z(h) = 107*h + 218. What is the hundreds digit of z(11)?
3
Let b = -82 - -85. Suppose -90 = -5*q + 4*k, b*q - 3*k - 64 = -13. What is the units digit of q?
2
Let i(w) = 184*w**3 + 3*w**2 + w - 1. Let k be i(-1). What is the tens digit of (2 - (k - 2)) + (-8)/4?
8
Suppose -9*i + 1241 = -7*i + f, -5*i - 5*f = -3100. What is the units digit of i?
1
Let h(b) = b**2 + 2*b + 45. Let j be h(0). Suppose -51 = -2*g - x, 77 = 5*g - 3*x - j. Let c = -8 + g. What is the units digit of c?
7
Let q(l) = -l**3 - 9*l**2 + 8*l - 15. Let h be q(-10). Suppose -993 = -8*b + h*b. What is the units digit of b?
1
Let z(b) = -4*b**3 + b**2 - 1. Suppose -4*n = -5*n. Suppose o - 3 = 4*s, -3*s = -3*o - n*o. What is the units digit of z(o)?
4
Suppose -4*b = -8*b - 112. Let g = b - -28. Suppose -2*k + 3*x + g*x + 119 = 0, -3*k - 3*x + 156 = 0. What is the tens digit of k?
5
Let w be (1/(-1))/(1/2) - -4. Let m = 39 - w. What is the tens digit of m?
3
Let c = -3611 + 5431. What is the units digit of c?
0
Let k(z) = -33*z + 5. Let x be k(-3). Suppose -56*v = -58*v + x. What is the units digit of v?
2
Suppose 3*j = -2*z - 6 - 6, 4*j + 17 = -3*z. What is the units digit of ((-9)/z)/(3/3) + 41?
4
Suppose -29541 - 165444 = -35*j. What is the units digit of j?
1
Let f(g) = 2*g**2 + 1. Let o be f(1). Suppose o*i = -r - 9, 0 = -0*r - r + 3*i - 15. What is the tens digit of ((-39)/(-1))/((-18)/r)?
2
Let z be 0/((-10)/(-14) - 6/(-21)). Suppose -2*t + z*t = -84. What is the units digit of t?
2
Suppose 1 - 6 = -5*v. Let w(s) = 51*s**3 - s**2 + s - 1. Let a be w(v). Let t = a + -23. What is the units digit of t?
7
Let y be (25/(-2))/(-1)*2. Suppose -y*o + 20*o = -425. What is the tens digit of o?
8
Let n(c) = -8 + 22 + 6*c - 7. Let b = 9 + -6. What is the units digit of n(b)?
5
Suppose -s + 2*u + 37 = 0, -5*s + 2*u + u = -157. Suppose -w + 46 = -s. What is the units digit of w?
5
Suppose 4*v - 8 = 8*v. What is the units digit of -39*(v/14 + (-120)/42)?
7
Suppose 0 = -3*q - 2*f - 8, 0*q + 12 = -4*q - 3*f. Suppose o + o = -3*j + 111, q = -2*o. What is the tens digit of j?
3
Suppose 3*f + 50 = -b + 21, -4*f = 5*b + 200. Let j = 85 + b. What is the tens digit of j?
4
Suppose 4*f - 124 = -o + 1741, 0 = 5*f + 4*o - 2345. What is the units digit of f?
5
Suppose 7*a - 2*a = 95. Suppose -3*g - 35 = -8*g - 5*y, -4*g = y - a. Let k = 16 - g. What is the units digit of k?
2
Suppose 0 = -c - 3*r + 559 + 66, 3*c - 1820 = 2*r. Suppose -37 = 3*j - c. What is the hundreds digit of j?
1
Let b be (3 + -15 + -1)*1. Let o be 2/b + 804/156. Suppose 0*h = 2*h + 3*s - 14, -19 = h - o*s. What is the units digit of h?
1
Let j = 23 + -17. Suppose k - j*k + 2*r + 84 = 0, -2*r = 4. What is the tens digit of k?
1
Let s be (4/(-6))/((-2 - 0)/6). Suppose p + 5*h = 6*p + 55, p = -2*h - 2. What is the tens digit of ((-57)/12)/(s/p)?
1
Let a(k) = -15*k**3 - k**2 + k + 1. Let i be a(-1). Let s be (-4)/(-14) - 18/i. What is the units digit of (-1 + (-4 - 2))*s?
7
Let l = 107 + -41. What is the tens digit of l?
6
Suppose 25839 = -16*v + 43*v. What is the hundreds digit of v?
9
Suppose 0 = 2*w - 230 - 46. Suppose 5*s + w = -2*b, 3*s = -2*b - 153 + 19. Let n = b - -92. What is the tens digit of n?
2
What is the hundreds digit of -1982*(-9 - (-9 - -1))?
9
Let b be 265/2 - (-12)/(-24). Let k be 2/7 - b/(-28). What is the units digit of 440/24*(k + -2)?
5
Let f(a) = -a**3 - 4*a**2 + 3*a + 1. Suppose 4*k + 4 = 2*p, 5*k - 2*p - 1 = 2*p. Let w = -2 + k. What is the tens digit of f(w)?
1
What is the tens digit of ((-7844)/111)/((-8)/126)?
1
Suppose -2*r = -3*i - 9 - 35, 4*r + 56 = -2*i. Let v be ((-10)/(-6))/(3/i). Let t = v + 35. What is the units digit of t?
5
Let l(y) = y**3 + 12*y**2 - 13*y - 9. Let b be l(-12). Let q = b + 88. What is the hundreds digit of q?
2
Suppose 5*z + 4*w - 586 = w, 4*z - 2*w = 482. What is the hundreds digit of z?
1
Suppose 2*h - 31 = -3*l, 0 = h - 5*l + 2*l + 7. Let j(k) = 4*k - 4. What is the tens digit of j(h)?
2
Let o = 1089 - 472. Let n = -354 + o. What is the units digit of n?
3
Suppose -5*k = -0*k - 30. Suppose -4*t + 20 = 0, 2*w + 7 = -2*w + 3*t. What is the units digit of 45/k + w/4?
8
Let q(g) = -g**3 + 19*g**2 - 17*g - 32. What is the tens digit of q(-10)?
3
Let r = -1843 - -3566. What is the units digit of r?
3
Suppose 0 = 2*q - 5*u - 2888, 69*q - 4*u - 5764 = 65*q. What is the hundreds digit of q?
4
Let t(c) = c**3 + 16*c**2 + 17*c + 5. Let z be t(-10). Let b = -256 + z. What is the hundreds digit of b?
1
Let q(z) = -5*z + 2. Let d be q(7). Let i = d + 86. What is the units digit of i?
3
Let p be 1 + -2 + (-15 - -19). Suppose 8*k = 5*k - p. What is the units digit of k + 52 - -1 - 2?
0
Let m(p) = 2*p - 53 - p + 106. What is the tens digit of m(-8)?
4
What is the units digit of (2/(-10))/((-14)/(-56))*-560?
8
Let d(m) = -m**3 + 7*m**2 + 23*m - 5. Let y be d(9). Let j be (-1)/4 - 171/(-12). Let n = y - j. What is the units digit of n?
6
Suppose 134 = -5*s - i - 1636, -2*s + 4*i - 730 = 0. Let y = s - -562. What is the units digit of y?
7
Let b(k) = k**2 + 1. Let l be (-70)/15 + (-6)/(-9). Let u be b(l). Suppose 4*h + h - 3*q - 93 = 0, h + q - u = 0. What is the tens digit of h?
1
Let d = -37 - -62. Let u be (42/(-4))/(6/(-24)). Suppose d = -o + u. What is the units digit of o?
7
What is the tens digit of (-7708)/(-12) + (-4)/(-6)?
4
Let k be 3/6*(1 - 3). Let j(n) = n + 1. Let s(d) = d**2 + 14*d + 16. Let m(h) = k*j(h) + s(h). What is the tens digit of m(-13)?
1
Suppose -4*n + n + 349 = -5*h, h = -5*n + 591. Suppose -3*d = -3*x - d + 161, -4*d = 2*x - n. What is the tens digit of x?
5
Let f = -79 + 94. Suppose q = f*q - 3682. What is the hundreds digit of q?
2
Suppose -h = -4*w + 20, 5*h + 15 = w - 9. Let d = w + 55. What is the tens digit of d?
5
Let p(s) = -s**2 + 12*s - 8. Let g be p(11). Let z be (22 - -4)*g/6. Let q = 35 - z. What is the tens digit of q?
2
What is the tens digit of 165/((-2)/(80/(-12)))?
5
Let t = 27 - 25. Suppose 0 = -t*b - 5*c + 213, -576 = -5*b + 3*c - c. Let h = 174 - b. What is the units digit of h?
0
Suppose a + 4*r = 2106, -5*a - 2*r = -3*a - 4230. What is the units digit of a?
8
Let t(i) = -i**2 - 17 - 7*i - 12 + 25. What is the units digit of t(-6)?
2
Let j = 99 + -169. What is the tens digit of (-16980)/j + (-8)/14?
4
Let k = 16 + -13. Let o be (-10)/4*(k + -5). Suppose 0 = -b - 2 + o. What is the units digit of b?
3
Let p = 16 + -11. Let n = -10 - -52. Suppose 5*y + 15 = -p, -3*y - n = -2*m. What is the tens digit of m?
1
Let q = 3 - 0. Suppose 5*y + 16 = -3*w + 1